5265?
5
What is the hundred millions digit of 926469494?
9
What is the ten thousands digit of 214338680?
3
What is the tens digit of 30965021?
2
What is the hundred millions digit of 986474559?
9
What is the hundred millions digit of 2321768374?
3
What is the ten millions digit of 178285728?
7
What is the ten millions digit of 952518167?
5
What is the units digit of 45129020?
0
What is the hundreds digit of 54313089?
0
What is the ten thousands digit of 509341550?
4
What is the thousands digit of 75544528?
4
What is the tens digit of 414245110?
1
What is the hundred millions digit of 252557257?
2
What is the thousands digit of 2351386157?
6
What is the thousands digit of 5204761598?
1
What is the tens digit of 458983594?
9
What is the ten millions digit of 43214216?
4
What is the hundred thousands digit of 64071875?
0
What is the units digit of 1374368810?
0
What is the ten millions digit of 480121699?
8
What is the hundred thousands digit of 838123531?
1
What is the millions digit of 62281418?
2
What is the hundreds digit of 860853?
8
What is the millions digit of 52409746?
2
What is the ten millions digit of 307291116?
0
What is the thousands digit of 110588171?
8
What is the millions digit of 12015470?
2
What is the hundred thousands digit of 686805212?
8
What is the ten millions digit of 437075861?
3
What is the hundreds digit of 63165230?
2
What is the hundred thousands digit of 1443950031?
9
What is the millions digit of 201479735?
1
What is the ten millions digit of 123329570?
2
What is the ten thousands digit of 99820839?
2
What is the hundreds digit of 446801443?
4
What is the hundred millions digit of 3832247458?
8
What is the millions digit of 141085203?
1
What is the thousands digit of 150196556?
6
What is the thousands digit of 89366835?
6
What is the ten thousands digit of 294192566?
9
What is the billions digit of 1987436745?
1
What is the hundred thousands digit of 535260395?
2
What is the millions digit of 77210640?
7
What is the millions digit of 7331660?
7
What is the millions digit of 964075471?
4
What is the hundreds digit of 56271917?
9
What is the millions digit of 18325982?
8
What is the millions digit of 1630127835?
0
What is the ten millions digit of 3355871826?
5
What is the hundreds digit of 416604888?
8
What is the hundreds digit of 461131550?
5
What is the millions digit of 3784063105?
4
What is the millions digit of 356149308?
6
What is the hundred thousands digit of 821575037?
5
What is the units digit of 920217286?
6
What is the millions digit of 1004048447?
4
What is the tens digit of 127132177?
7
What is the hundreds digit of 36230444?
4
What is the millions digit of 291457746?
1
What is the ten millions digit of 51577095?
5
What is the tens digit of 95252264?
6
What is the ten millions digit of 28862103?
2
What is the tens digit of 124775124?
2
What is the millions digit of 4720785815?
0
What is the millions digit of 1646511897?
6
What is the units digit of 441326805?
5
What is the tens digit of 27865878?
7
What is the hundred millions digit of 102737385?
1
What is the hundred millions digit of 1843551892?
8
What is the hundreds digit of 21771921?
9
What is the hundred thousands digit of 297201350?
2
What is the units digit of 3677107791?
1
What is the thousands digit of 3860552?
0
What is the hundred thousands digit of 582609397?
6
What is the millions digit of 314359062?
4
What is the millions digit of 4807545?
4
What is the units digit of 34446038?
8
What is the thousands digit of 1005304504?
4
What is the tens digit of 111046?
4
What is the hundred millions digit of 374181666?
3
What is the thousands digit of 11270868?
0
What is the hundred millions digit of 300731868?
3
What is the hundred thousands digit of 489225254?
2
What is the millions digit of 410762545?
0
What is the units digit of 1472655330?
0
What is the millions digit of 317998277?
7
What is the ten thousands digit of 40591872?
9
What is the millions digit of 1900812616?
0
What is the ten millions digit of 61545925?
6
What is the tens digit of 40021525?
2
What is the units digit of 57274283?
3
What is the hundred thousands digit of 33364884?
3
What is the hundred millions digit of 607578643?
6
What is the millions digit of 121252532?
1
What is the hundred millions digit of 131137561?
1
What is the units digit of 2904135398?
8
What is the tens digit of 323317134?
3
What is the tens digit of 1302224956?
5
What is the hundred thousands digit of 235105218?
1
What is the ten thousands digit of 52874948?
7
What is the hundred millions digit of 7018196283?
0
What is the millions digit of 59826143?
9
What is the hundreds digit of 26115251?
2
What is the thousands digit of 563291597?
1
What is the ten millions digit of 19601230?
1
What is the ten thousands digit of 60157433?
5
What is the hundred millions digit of 284375446?
2
What is the hundred thousands digit of 1660131407?
1
What is the ten thousands digit of 789875417?
7
What is the ten millions digit of 448789511?
4
What is the millions digit of 347503478?
7
What is the hundred thousands digit of 354044387?
0
What is the units digit of 3001049323?
3
What is the ten millions digit of 187615942?
8
What is the tens digit of 365454587?
8
What is the units digit of 19153344?
4
What is the thousands digit of 185988025?
8
What is the ten millions digit of 55264161?
5
What is the millions digit of 71770141?
1
What is the hundreds digit of 750209995?
9
What is the tens digit of 10324142?
4
What is the millions digit of 29323802?
9
What is the ten millions digit of 26014403?
2
What is the tens digit of 1363582935?
3
What is the ten thousands digit of 2777682190?
8
What is the tens digit of 1749730491?
9
What is the billions digit of 6547574809?
6
What is the hundred thousands digit of 438810?
4
What is the units digit of 248297770?
0
What is the ten millions digit of 61098173?
6
What is the units digit of 42805857?
7
What is the hundred millions digit of 649586060?
6
What is the tens digit of 4803144651?
5
What is the thousands digit of 42413902?
3
What is the ten thousands digit of 50806863?
0
What is the thousands digit of 53012363?
2
What is the ten millions digit of 1061595421?
6
What is the ten millions digit of 56022674?
5
What is the hundreds digit of 565373867?
8
What is the hundred thousands digit of 14732270?
7
What is the ten thousands digit of 37615684?
1
What is the thousands digit of 53353729?
3
What is the ten thousands digit of 3875640211?
4
What is the tens digit of 3784392143?
4
What is the ten millions digit of 283988952?
8
What is the hundreds digit of 11217809?
8
What is the hundred thousands digit of 1277126660?
1
What is the thousands digit of 223866024?
6
What is the units digit of 95562348?
8
What is the ten thousands digit of 1048599820?
9
What is the billions digit of 2726390014?
2
What is the ten millions digit of 263336392?
6
What is the thousands digit of 55938004?
8
What is the hundred thousands digit of 714086775?
0
What is the thousands digit of 458973666?
3
What is the thousands digit of 3182635705?
5
What is the hundred millions digit of 1806689767?
8
What is the units digit of 339111976?
6
What is the units digit of 444125300?
0
What is the hundreds digit of 6021940444?
4
What is the ten millions digit of 371158654?
7
What is the tens digit of 66776114?
1
What is the millions digit of 1448170473?
8
What is the units digit of 16188390?
0
What is the hundred millions digit of 309010245?
3
What is the thousands digit of 779861035?
1
What is the ten millions digit of 105878954?
0
What is the units digit of 327675389?
9
What is the ten thousands digit of 182599259?
9
What is the hundreds digit of 117946120?
1
What is the units digit of 19539995?
5
What is the hundred millions digit of 1813929644?
8
What is the units digit of 352471705?
5
What is the tens digit of 49674639?
3
What is the hundreds digit of 70522666?
6
What is the ten thousands digit of 2011204829?
0
What is the hundred millions digit of 884319863?
8
What is the hundred millions digit of 1623015493?
6
What is the thousands digit of 29123725?
3
What is the units digit of 56934175?
5
What is the thousands digit of 85602539?
2
What is the units digit of 68437485?
5
What is the tens digit of 1171290459?
5
Wha